5*p = 3*y + 6, -2*y + y - 9 = 4*p. Suppose -y*g = -5*x + 70, -2*x - 2*x + 24 = 4*g. Calculate the greatest common divisor of x and 88.
11
Suppose j = 4*u - 1364, 3*j = 3*u - 7*u + 1348. What is the highest common divisor of 20 and u?
20
Let t = 26 - 19. Let y(v) = 2*v**3 - 13*v**2 - 9*v + 17. Let h be y(t). Calculate the highest common divisor of h and 3.
3
Let x(t) = t**3 + t**2 - 4*t + 2. Let j be x(2). Let z be (342/4 - (-3)/j) + -2. What is the highest common factor of 56 and z?
28
Let n = -22 - -39. Let q = n - 9. Let c = 7 + q. What is the greatest common divisor of 135 and c?
15
Suppose -4*m - 7*a + 339 = -8*a, a = -3. What is the highest common factor of 35 and m?
7
Suppose -8 = 2*k, -q - k = q - 106. Let h be 10/50 + (-38)/(-10). Let s = h - -7. What is the highest common factor of s and q?
11
Let d(q) = -q**3 + 2*q**2 + 16*q + 11. Let y be d(5). What is the highest common factor of 28 and y?
4
Suppose -2*c = -228 + 1544. Let o = -460 - c. Calculate the greatest common divisor of o and 18.
18
Suppose 0 = -29*j + 33*j - 416. What is the highest common factor of j and 13?
13
Let o(d) = -d**3 - 11*d**2 - 28*d + 22. Let j be o(-7). What is the highest common divisor of 814 and j?
22
Let x(r) be the second derivative of -r**3/6 + 4*r**2 - 6*r. Let p be x(2). Let i be 14*1 - (6 + -4). Calculate the greatest common divisor of p and i.
6
Let r(v) = 2*v + 18. Let m be r(21). What is the highest common divisor of m and 100?
20
Let l(p) = -p**2 + p + 203. Let o be l(0). Suppose -y + o - 67 = 0. What is the highest common divisor of y and 17?
17
Let v be 147/3 - (5 - 1). Let a = 1 - -2. Suppose -47 = -3*o - w, -a*o + 71 = 2*o - 2*w. Calculate the highest common divisor of o and v.
15
Suppose 0 = 47*o - 45*o - 3*v - 8, o - 3 = v. Suppose -5*i - 11 = -3*k + 2*k, 4*k - i - 6 = 0. What is the highest common divisor of k and o?
1
Suppose 21*h - 13*h - 512 = 0. Calculate the highest common factor of h and 4.
4
Let j be (((-36)/(-5))/(-2))/(233/(-5825)). What is the highest common divisor of 290 and j?
10
Let p be ((-24276)/(-153))/(1*2/15). Suppose 8*v = v + p. Calculate the greatest common divisor of 34 and v.
34
Suppose b + 9 = 84. Let t be (-42)/(-147) - (-4 - (-360)/(-14)). What is the highest common divisor of b and t?
15
Let b be 8*-1*(-3 - -4). Let d be 2 + b/(-12)*-9. Let s be (7 + d)/((-1)/(-9)). What is the highest common factor of s and 9?
9
Suppose 286 = -2*k - 3*k - 2*l, -233 = 4*k + 3*l. Let f = k + 106. Calculate the highest common divisor of 20 and f.
10
Suppose -15*i + 12696 = -3*i. Calculate the greatest common factor of 46 and i.
46
Suppose 4*y = -5*y + 18. Suppose -3*w = -2*j + 60, -15 = y*j - 2*w - 77. Calculate the highest common divisor of 11 and j.
11
Suppose 3*o = 21 + 75. Suppose 4*t - 27 - 37 = -q, -2*t - q + o = 0. Calculate the highest common factor of 16 and t.
16
Let r = 130 - -200. Calculate the greatest common factor of 20 and r.
10
Suppose -z + 5*w + 14 = 0, -23 - 33 = -4*z - 5*w. Calculate the highest common divisor of z and 77.
7
Suppose -3*w = 7*w - 100. Suppose 5*y - 60 = -w. Calculate the highest common divisor of y and 5.
5
Let g be -2 - 1 - (-707 - 16). What is the highest common divisor of g and 12?
12
Suppose 10*o = -22*o + 4480. Calculate the greatest common divisor of o and 28.
28
Let z = 21 + -16. Suppose 3*l = z*p - 13, -p + 5 = -l - 2*l. Suppose 0 = -2*q + w + 12, 2*q = 5*w + 33 - 13. Calculate the greatest common factor of q and p.
1
Let u = -410 + 427. What is the highest common factor of u and 1037?
17
Let u(k) = k**3 - 16 + k - 17*k**2 + k + 5*k**2. Let j be u(12). Let i(f) = f**3 - 3*f - 4. Let z be i(4). Calculate the highest common divisor of j and z.
8
Let q(a) = -2*a**3 + 13*a**2 + 3*a - 15. Let b be q(6). Calculate the greatest common divisor of b and 741.
39
Suppose 0 = -l - 5*r - 1, 4*l + 5*r - 27 = l. Suppose 0 = -17*c + l*c + 30. Calculate the highest common divisor of 110 and c.
10
Let q = -72 - -66. Let j be (-294)/(-4) + (-3)/q. What is the greatest common factor of j and 37?
37
Let i = -393 - -412. Calculate the greatest common factor of 551 and i.
19
Suppose 0*q + 4*q - 556 = 0. Suppose -3*c + 50 + q = 0. What is the greatest common divisor of c and 7?
7
Let u = 57 + -21. Suppose y - 5*s + s - u = 0, 4*y + 2*s = 198. Suppose h - y = -h. Calculate the greatest common factor of h and 216.
24
Suppose 26*m - 9463 = -1507. Calculate the highest common divisor of 18 and m.
18
Suppose -26*f - 172 = -28*f. What is the highest common divisor of 129 and f?
43
Let b(i) = i**3 - 26*i**2 + 109*i - 71. Let t be b(21). Suppose -2*f = -0 - 26. Calculate the highest common factor of t and f.
13
Suppose 20*f - 15 = 17*f. Let a(p) = 5*p - 24. Let l be a(f). Calculate the greatest common divisor of l and 8.
1
Let j be (64/6)/(234/(-27) + 9). Calculate the greatest common factor of j and 96.
32
Let y be 6578/77 - 3/7. Let c = -60 + y. What is the highest common divisor of c and 275?
25
Let c(o) = -8*o + 14. Let i be c(-7). Calculate the greatest common divisor of i and 280.
70
Suppose 0 = -10*d - 57 + 217. What is the highest common factor of 400 and d?
16
Suppose 5*m + 3373 = 4*u, 5*u - 3405 = m + 827. Calculate the highest common divisor of 7 and u.
7
Suppose 2*a = -11 + 81. What is the highest common factor of a and 20?
5
Let t be -1 + 122 - (-5)/(-1). What is the highest common factor of 87 and t?
29
Let y = -99 + 111. What is the highest common divisor of 18 and y?
6
Let n = 115 - 170. Let g = n - -103. Calculate the highest common divisor of 72 and g.
24
Suppose -2*d + 0*d - 3305 = -5*p, -2014 = -3*p - 5*d. What is the greatest common divisor of p and 51?
51
Suppose -2468*z + 2461*z = -9828. Calculate the highest common factor of z and 39.
39
Let o = 301 - 233. Calculate the highest common divisor of 187 and o.
17
Let h be (-4)/14*(-4 + -3). Suppose 0 = 6*b - h*b - 96. Suppose 5*y = 2*y + 48. Calculate the greatest common divisor of y and b.
8
Suppose 1389*f - 1035 = 1366*f. Let d be 50/18 - (-2)/9. Calculate the highest common divisor of f and d.
3
Let a(h) = -3*h**2 + 21*h + 41. Let n be a(8). Calculate the highest common factor of 85 and n.
17
Let d = 896 - 876. Let h be 2 - (0 - (137 + 1)). Calculate the highest common divisor of h and d.
20
Let u(b) = 3*b - 1. Let w be u(2). Let d(c) = -c**3 - 13*c**2 - 53*c - 98. Let z be d(-9). Calculate the highest common divisor of w and z.
5
Let b = -162 - -182. Let a = 352 - 192. Calculate the greatest common factor of b and a.
20
Let r(i) = -i**2 - 14*i + 93. Let q be r(-14). What is the highest common divisor of 310 and q?
31
Suppose -7*r = -r - r. Suppose 5*m - 5*d - 420 = r, -2*m + 90 = -d - 79. Calculate the greatest common divisor of 34 and m.
17
Let b be 11200/120*(-6)/(-4). What is the highest common factor of 20 and b?
20
Suppose -u - 12 = 3*z - z, 4*u = -5*z - 33. Let w be (-2*(z - -3))/(-1). Let d = 69 + w. What is the highest common factor of d and 13?
13
Suppose 8 = 4*g - 8. Suppose 0 = 4*j - 5*k - 283, -j = g*j - 2*k - 375. Suppose -9 = -m + 2. Calculate the greatest common divisor of m and j.
11
Suppose 0 = 5*p + b - 72, p + 4*b = -4*p + 63. What is the greatest common divisor of p and 1920?
15
Let l be -3*(78/72)/(5/(-20)). What is the greatest common factor of l and 91?
13
Let t be -18*((-14)/4 + 3). Let o be -6 - (-2 + -1)*17. What is the greatest common factor of o and t?
9
Let s(b) = b**3 + b. Let p(f) = f**3 + 3*f**2 - f. Let c(l) = -p(l) - 3*s(l). Let i be c(-2). Calculate the highest common divisor of i and 16.
8
Let c be (2190/8)/(48/320). Calculate the highest common factor of c and 73.
73
Suppose 50*o - 43*o = 70. What is the greatest common divisor of o and 16?
2
Let p(n) = 2*n**3 + 51*n**2 + 19*n - 127. Let m be p(-25). What is the greatest common factor of m and 276?
23
Let y(o) = 3*o**2 - 4*o + 147. Let z be y(10). What is the greatest common factor of z and 74?
37
Let m be (-6)/(-1 - (3 + (-11)/2)). Let i be (4/(-1) + (-34)/m)*30. Calculate the highest common factor of i and 15.
15
Let o(u) = -u**2 - 12*u - 15. Let z be o(-4). What is the highest common factor of z and 119?
17
Let l be 2 + (7 - -19) + 0. What is the highest common factor of l and 2366?
14
Let w be (300/14)/(2/14). Suppose -w = -k - 0*k. Calculate the high